
In base 4, what is -103211 + -13013?
-122230
In base 15, what is -cbb83c8 - -7?
-cbb83c1
In base 7, what is 6006205224 - -3?
6006205230
In base 10, what is -6 + 998991?
998985
In base 12, what is 3397a63 + 8?
3397a6b
In base 2, what is -10110100 + -1110000100010110?
-1110000111001010
In base 7, what is 3521 + 11534?
15355
In base 15, what is 221c6 + 782?
22958
In base 14, what is -6cac91 + 0?
-6cac91
In base 12, what is -2 - -b15080?
b1507a
In base 9, what is 0 + -7206603?
-7206603
In base 4, what is 2121312113102 - 10?
2121312113032
In base 10, what is 1305930 - -89?
1306019
In base 14, what is -5 + 1c0430a8?
1c0430a3
In base 15, what is -730402 + -2?
-730404
In base 12, what is 42923a - 5?
429235
In base 8, what is 527535 + -11?
527524
In base 8, what is -2 - 32471506?
-32471510
In base 13, what is -20bb4c1 - 1?
-20bb4c2
In base 14, what is 9ab + 3cc2?
488d
In base 13, what is 7766484 + -1?
7766483
In base 11, what is -11 - 521161?
-521172
In base 16, what is -1aed49e + -7?
-1aed4a5
In base 6, what is -14341321 + -31?
-14341352
In base 4, what is 3003 - 111003010?
-111000001
In base 9, what is -7642667 + 23?
-7642644
In base 5, what is -4 - -10133444321?
10133444312
In base 6, what is 53412003 - 103?
53411500
In base 3, what is -202212210111012 + 2?
-202212210111010
In base 7, what is -512552516 - -2?
-512552514
In base 6, what is 4533232033 - -10?
4533232043
In base 10, what is 64 - 150406?
-150342
In base 5, what is -4 + -3432443320?
-3432443324
In base 2, what is 100011011111 - -11001010100000?
11101101111111
In base 9, what is 2008 + -1815?
83
In base 16, what is 379b + -4?
3797
In base 4, what is 13323 + 13222213?
13302202
In base 5, what is 1441333100 - -14?
1441333114
In base 5, what is 10 - 10130102234?
-10130102224
In base 11, what is -95 - -77966?
77881
In base 4, what is 13 - 21211021001?
-21211020322
In base 4, what is -10122303 - -1020?
-10121223
In base 5, what is -3 + -332220043?
-332220101
In base 5, what is -124324311 - 30?
-124324341
In base 16, what is -3 + ba6137?
ba6134
In base 10, what is -414797702 + -1?
-414797703
In base 15, what is e3b0e + 14?
e3b23
In base 2, what is -1011110000101011010100 + 10?
-1011110000101011010010
In base 7, what is 2230360 + -42?
2230315
In base 9, what is -438575 - 11?
-438586
In base 7, what is -461050333 - -3?
-461050330
In base 9, what is -30382242 - 13?
-30382255
In base 5, what is -10 - 11233220?
-11233230
In base 15, what is -bb61ac + c?
-bb61a0
In base 16, what is 3 - -95bd2d?
95bd30
In base 12, what is b + -205b75?
-205b66
In base 4, what is 3 + 12303333002?
12303333011
In base 8, what is 4 + -416276106?
-416276102
In base 3, what is -121 - -22112020011?
22112012120
In base 11, what is 1125 + -105604?
-10448a
In base 12, what is 13a2b64 + 1aa?
13a3152
In base 10, what is 33166512 + 2?
33166514
In base 14, what is -497d - -2718b?
2260c
In base 10, what is 234809 + 71?
234880
In base 11, what is -41a + -301?
-720
In base 13, what is 3 - c2a6331?
-c2a632b
In base 15, what is b6 + -119b57?
-119a91
In base 16, what is 508245 - -2?
508247
In base 14, what is 266950a - 4?
2669506
In base 6, what is -2301 - 1444305?
-1451010
In base 4, what is 2033 + -110011231?
-110003132
In base 11, what is 12 + 18791855?
18791867
In base 3, what is 110010 - -122011110?
122121120
In base 8, what is -16252 + 2210?
-14042
In base 13, what is 3 + -13a0843?
-13a0840
In base 13, what is 218ab8b - 2?
218ab89
In base 14, what is 5 + 18d742?
18d747
In base 4, what is 331203311313 + -110?
331203311203
In base 2, what is -101 - 11100110011110100111011?
-11100110011110101000000
In base 8, what is 15122642 - -60?
15122722
In base 14, what is -22 + 5a80a4?
5a8082
In base 9, what is 1165850 + 0?
1165850
In base 9, what is 828475 - 1082?
827383
In base 4, what is 2022 - -1122200?
1130222
In base 7, what is -65046 + 520?
-64226
In base 10, what is 303 + -407?
-104
In base 3, what is -11220202202 + 100012112?
-11120120020
In base 13, what is 4 - -3383733?
3383737
In base 7, what is 30253 + -226?
30024
In base 16, what is -96e - 3a385?
-3acf3
In base 9, what is -42120544 - 1?
-42120545
In base 14, what is -1 + -71cd026?
-71cd027
In base 9, what is 14486 + -87660?
-73163
In base 2, what is -101111110101001111101011 - -101111?
-101111110101001110111100
In base 7, what is -1006015561 - -4?
-1006015554
In base 12, what is -2 + 9a06b78?
9a06b76
In base 8, what is 346063153 + -14?
346063137
In base 16, what is 5bf0 - -1a6f?
765f
In base 10, what is 1145 - -100748?
101893
In base 2, what is 1111100101101000111001011000 + 10?
1111100101101000111001011010
In base 7, what is -3616604 - -1250?
-3615324
In base 12, what is -631 - 50a1a?
-5144b
In base 15, what is -1b32b7 - 5?
-1b32bc
In base 2, what is 1010111001000 + -111000001111?
11110111001
In base 5, what is 1324104042300 - 0?
1324104042300
In base 4, what is 20131031 + -233123?
13231302
In base 9, what is -725605105 - -5?
-725605100
In base 13, what is 1ba5 - -1a3?
2078
In base 4, what is 13101203012 - 32?
13101202320
In base 8, what is -43576 + 237?
-43337
In base 11, what is 2794 + -4816?
-2032
In base 14, what is 61 - -c6840?
c68a1
In base 16, what is -439 + -a67d?
-aab6
In base 4, what is -1032303232 + 11331?
-1032231301
In base 13, what is -2 - 26545a0?
-26545a2
In base 2, what is -11 + -1010011000001110101111001?
-1010011000001110101111100
In base 8, what is -4 - 104337407?
-104337413
In base 9, what is 543481 + -75?
543405
In base 16, what is -4edfad - 2?
-4edfaf
In base 6, what is -203 + -334144?
-334351
In base 6, what is 35411 - 44542?
-5131
In base 2, what is 1001101011 - 11111001101110010?
-11111000100000111
In base 7, what is 65502131 + 4?
65502135
In base 2, what is -1100000101011001000100 - 100100?
-1100000101011001101000
In base 7, what is 5 + 15012201?
15012206
In base 10, what is 245268 - 92?
245176
In base 2, what is -101111 - 110001000010?
-110001110001
In base 8, what is -15351216 + -1?
-15351217
In base 11, what is -a6985 - 44?
-a6a19
In base 5, what is -200323422441 + -4?
-200323423000
In base 2, what is -1101000100001001011010110 - 1?
-1101000100001001011010111
In base 7, what is 315 + -136221?
-135603
In base 3, what is -200200211111 - 1220?
-200200220101
In base 2, what is -1111111 + 111011000?
101011001
In base 16, what is -550ae + -2?
-550b0
In base 7, what is 411423 - 233?
411160
In base 15, what is 2 - -be565?
be567
In base 7, what is 41663464 - 411?
41663053
In base 3, what is 1002021111 + -22200?
1001221211
In base 12, what is b + 1a28110?
1a2811b
In base 16, what is -2006ad + -d?
-2006ba
In base 16, what is -2 + -5547504?
-5547506
In base 12, what is -547 - -21b64?
21619
In base 6, what is -42 + 233454242?
233454200
In base 11, what is 1a149 + -149?
1a000
In base 12, what is 2807 - 89?
273a
In base 4, what is 31 - -2203332001?
2203332032
In base 9, what is 2322 - -16506?
18828
In base 4, what is 0 - 133010301021?
-133010301021
In base 4, what is 210332320232032 - -1?
210332320232033
In base 3, what is -12100022121 + -10021?
-12100102212
In base 16, what is -35 + d1718?
d16e3
In base 11, what is 3875675 - 6?
387566a
In base 3, what is 112121 + -20002100201?
-20001211010
In base 3, what is -202200121100 - 0?
-202200121100
In base 12, what is -41 + 230b7b?
230b3a
In base 12, what is 181 - 3044a8?
-304327
In base 10, what is -1849009 + -167?
-1849176
In base 5, what is 202022 - -403?
202430
In base 10, what is -2005 - 4980?
-6985
In base 13, what is -25b04 + 881?
-25253
In base 11, what is 1691a9 + -620?
168689
In base 14, what is -60a003 - -25?
-609dbc
In base 2, what is -11101000101001 - -10010111?
-11100110010010
In base 8, what is 3460 - -17727?
23407
In base 2, what is -11000100001001010 - 11010001?
-11000100100011011
In base 9, what is 11 - 51662464?
-51662453
In base 13, what is 36321078 + 3?
3632107b
In base 14, what is -5c039d4 + 4?
-5c039d0
In base 8, what is 15431 + -3174?
12235
In base 7, what is -12412 - -1564?
-10515
In base 3, what is -10102 + 2011222?
2001120
In base 2, what is 11 - 11000111110110010010010?
-11000111110110010001111
In base 13, what is 5b2 + -3674?
-3092
In base 2, what is -1001 + 10001010101001001010011100?
10001010101001001010010011
In base 2, what is -101100011 + -11000110001?
-11110010100
In base 6, what is -